{"id":4715,"date":"2025-09-29T13:48:03","date_gmt":"2025-09-29T10:48:03","guid":{"rendered":"https:\/\/factory40.ro\/2025\/?page_id=4715"},"modified":"2025-09-29T13:48:03","modified_gmt":"2025-09-29T10:48:03","slug":"marian-radoi2025","status":"publish","type":"page","link":"https:\/\/factory40.ro\/2025\/speakers\/marian-radoi2025\/","title":{"rendered":"Marian R\u0103doi"},"content":{"rendered":"<div class=\"bt_rc_container\"><section id=\"bt_section69d8d2720fa9e\" data-parallax=\"0.1\" data-parallax-offset=\"0\" class=\"boldSection topExtraSpaced bottomSpaced btDarkSkin gutter btBottomVertical btParallax wBackground cover\" style=\"background-image:url('https:\/\/factory40.ro\/2025\/wp-content\/uploads\/2025\/07\/F40-COVER-2025-4.png');\"><div class=\"port\"><div class=\"boldCell\"><div class=\"boldCellInner\"><div class=\"boldRow \" ><div class=\"boldRowInner\"><div class=\"rowItem col-md-12 col-ms-12  btTextLeft inherit\"  data-width=\"12\"><div class=\"rowItemContent\" ><header class=\"header btClear large btDash bottomDash\" ><div class=\"btSuperTitle\">Bucure\u0219ti<\/div><div class=\"dash\"><h2><span class=\"headline\"><b class=\"animate\">1<\/b> day \/ <b class=\"animate\">50<\/b> Speakers\r<br>Awesome and great speakers<\/span><\/h2><\/div><div class=\"btSubTitle\">October 9, 2025<\/div><\/header><\/div><\/div><\/div><\/div><\/div><\/div><\/div><\/section><section id=\"bt_section69d8d2720fd1d\"  class=\"boldSection topSpaced bottomSpaced gutter inherit\" ><div class=\"port\"><div class=\"boldCell\"><div class=\"boldCellInner\"><div class=\"boldRow \" ><div class=\"boldRowInner\"><div class=\"rowItem col-md-2  col-sm-4 col-ms-12 btTextLeft animate animate-fadein inherit\"  data-width=\"2\"><div class=\"rowItemContent\" ><div class=\"bpgPhoto  btCircleImage\" ><div class=\"btImage\"><img decoding=\"async\" src=\"https:\/\/factory40.ro\/2025\/wp-content\/uploads\/2025\/09\/Marian-Radoi-320x320.png\" alt=\"https:\/\/factory40.ro\/2025\/wp-content\/uploads\/2025\/09\/Marian-Radoi-320x320.png\"><\/div><\/div><\/div><\/div><div class=\"rowItem col-md-8 col-ms-12 btTextLeft inherit\"  data-width=\"8\"><div class=\"rowItemContent\" ><header class=\"header btClear extralarge btDash bottomDash\" ><div class=\"btSuperTitle\">Speaker<\/div><div class=\"dash\"><h1><span class=\"headline\">Marian <b class=\"animate\">R\u0103doi<\/b><\/span><\/h1><\/div><div class=\"btSubTitle\">Marian R\u0103doi is the driving force behind R\u0103doi Engineering, where he oversees strategic development, innovation, and operations. With deep technical expertise and entrepreneurial spirit, he is committed to pushing the boundaries of engineering excellence. His leadership balances visionary ideas with practical application, ensuring that ambitious concepts are realized reliably and efficiently.<\/div><\/header><div class=\"btClear btSeparator topSmallSpaced noBorder\" ><hr><\/div><div class=\"btText\" ><p data-start=\"534\" data-end=\"945\">At R\u0103doi Engineering, Marian has cultivated a culture of precision, quality, and responsiveness. The company specializes in delivering bespoke engineering solutions \u2014 from design and prototyping to full-scale production support \u2014 across diverse industrial sectors. Under his guidance, R\u0103doi Engineering remains agile, customer-oriented, and focused on integrating the latest technologies to meet evolving needs.<\/p>\n<p data-start=\"947\" data-end=\"1259\">In his role, Marian actively engages in shaping industry trends, mentoring teams, and contributing to sustainable growth. At the conference, he will share perspectives on bridging innovation and execution in engineering, showcasing how tailored solutions and continuous improvement drive competitive advantage.<\/p>\n<\/div><div class=\"btClear btSeparator topSemiSpaced noBorder\" ><hr><\/div><\/div><\/div><div class=\"rowItem col-md-2  col-sm-4 col-ms-12 btTextLeft animate animate-fadein animate-moveup inherit\"  data-width=\"2\"><div class=\"rowItemContent\" ><div class=\"btClear btSeparator topSpaced noBorder\" ><hr><\/div><div class=\"btClear btSeparator topSpaced noBorder\" ><hr><\/div><header class=\"header btClear small btDash bottomDash\" ><div class=\"btSuperTitle\">Make<\/div><div class=\"dash\"><h4><span class=\"headline\">Connection<\/span><\/h4><\/div><div class=\"btSubTitle\">Follow Marian<\/div><\/header><div class=\"btClear btSeparator topExtraSmallSpaced noBorder\" ><hr><\/div><div class=\"btIconImageRow\" ><span class=\"btIco btIcoFilledType btIcoSmallSize btIcoAccentColor\"><a href=\"https:\/\/www.linkedin.com\/in\/marianradoi\/\"  target=\"no_target\" data-ico-fa=\"&#xf0e1;\" class=\"btIcoHolder\"><\/a><\/span><\/div><div class=\"btClear btSeparator topSemiSpaced noBorder\" ><hr><\/div><header class=\"header btClear small btDash bottomDash\" ><div class=\"btSuperTitle\">Meet<\/div><div class=\"dash\"><h4><span class=\"headline\">Partner<\/span><\/h4><\/div><\/header><div class=\"btClear btSeparator topExtraSmallSpaced noBorder\" ><hr><\/div><div class=\"bpgPhoto \" > \r\n\t\t\t\t\t<a href=\"https:\/\/radoi.com\/\" target=\"_self\"><\/a>\r\n\t\t\t\t\t<div class=\"boldPhotoBox\"><div class=\"bpbItem\"><div class=\"btImage\"><img decoding=\"async\" src=\"https:\/\/factory40.ro\/2025\/wp-content\/uploads\/2025\/09\/Radaoi-1.png\" alt=\"https:\/\/factory40.ro\/2025\/wp-content\/uploads\/2025\/09\/Radaoi-1.png\"><\/div><\/div><\/div>\r\n\t\t\t\t\t<div class=\"captionPane btDarkSkin\">\r\n\t\t\t\t\t\t<div class=\"captionTable\">\r\n\t\t\t\t\t\t\t<div class=\"captionCell\">\r\n\t\t\t\t\t\t\t\t<div class=\"captionTxt\"><\/div>\r\n\t\t\t\t\t\t\t<\/div>\r\n\t\t\t\t\t\t<\/div>\r\n\t\t\t\t\t<\/div><\/div><div class=\"btClear btSeparator topExtraSmallSpaced noBorder\" ><hr><\/div><\/div><\/div><\/div><\/div><\/div><\/div><\/div><\/section><section id=\"bt_section69d8d27210aa9\" data-parallax=\"0.1\" data-parallax-offset=\"0\" class=\"boldSection topSpaced bottomSpaced btDarkSkin gutter inherit btParallax\" style=\"background-color:#022044;\"><div class=\"port\"><div class=\"boldCell\"><div class=\"boldCellInner\"><div class=\"boldRow \" ><div class=\"boldRowInner\"><div class=\"rowItem col-md-6 col-sm-12 btTextLeft inherit\"  data-width=\"6\"><div class=\"rowItemContent\" ><header class=\"header btClear extralarge btDash bottomDash\" ><div class=\"btSuperTitle\">FACTORY 4.0<\/div><div class=\"dash\"><h1><span class=\"headline\">Usefull data<\/span><\/h1><\/div><div class=\"btSubTitle\">Join the FACTORY 4.0 Investment Forum to explore Romania&#8217;s opportunities in AI &amp; Machine Learning, Digital Industrialization, Energy for Industry, Quantum Cybersecurity, Robotics &amp; Logistics Automation, and Research &amp; Technology Transfer.<\/div><\/header><div class=\"btClear btSeparator topSmallSpaced noBorder\" ><hr><\/div><\/div><\/div><div class=\"rowItem col-md-3 col-sm-6 col-ms-12 btTextLeft inherit\"  data-width=\"3\"><div class=\"rowItemContent\" ><div class=\"btClear btSeparator topSemiSpaced noBorder\" ><hr><\/div><div class=\"btClear btSeparator topSmallSpaced noBorder\" ><hr><\/div><header class=\"header btClear medium btDash bottomDash\" ><div class=\"btSuperTitle\">Become <\/div><div class=\"dash\"><h3><span class=\"headline\">A partner<\/span><\/h3><\/div><div class=\"btSubTitle\">Join a select group of industry leaders and gain access to valuable networking opportunities, exclusive content, and the ability to showcase your products.<\/div><\/header><div class=\"btClear btSeparator topSmallSpaced noBorder\" ><hr><\/div><a href=\"https:\/\/factory40.ro\/2025\/contact\/\" class=\"btBtn btBtn btnOutlineStyle btnNormalColor btnSmall btnNormalWidth btnRightPosition btnNoIcon\" ><span class=\"btnInnerText\">Become a partner<\/span><\/a><\/div><\/div><div class=\"rowItem col-md-3 col-sm-6 col-ms-12 btTextLeft\"  data-width=\"3\"><div class=\"rowItemContent\" ><div class=\"btClear btSeparator topSemiSpaced noBorder\" ><hr><\/div><div class=\"btClear btSeparator topSmallSpaced noBorder\" ><hr><\/div><header class=\"header btClear medium btDash bottomDash\" ><div class=\"btSuperTitle\">Check the<\/div><div class=\"dash\"><h3><span class=\"headline\">Schedule<\/span><\/h3><\/div><div class=\"btSubTitle\">Discover the Agenda and Speakers at the FACTORY 4.0 Conference for an unforgettable experience and engaging discussions on the future of the industry.<\/div><\/header><div class=\"btClear btSeparator topSmallSpaced noBorder\" ><hr><\/div><a href=\"https:\/\/factory40.ro\/2025\/speakers\/\" class=\"btBtn btBtn btnOutlineStyle btnAccentColor btnSmall btnNormalWidth btnRightPosition btnNoIcon\" ><span class=\"btnInnerText\">Meet the speakers<\/span><\/a><\/div><\/div><\/div><\/div><\/div><\/div><\/div><\/section><\/div>","protected":false},"excerpt":{"rendered":"","protected":false},"author":1,"featured_media":0,"parent":1146,"menu_order":0,"comment_status":"closed","ping_status":"closed","template":"","meta":{"slim_seo":{"title":"Marian R\u0103doi - FACTORY 40","description":"Bucure\u0219ti 1 day \/ 50 Speakers Awesome and great speakers October 9, 2025 Speaker Marian R\u0103doi Marian R\u0103doi is the driving force behind R\u0103doi Engineering, where"},"footnotes":""},"class_list":["post-4715","page","type-page","status-publish","hentry"],"_links":{"self":[{"href":"https:\/\/factory40.ro\/2025\/wp-json\/wp\/v2\/pages\/4715","targetHints":{"allow":["GET"]}}],"collection":[{"href":"https:\/\/factory40.ro\/2025\/wp-json\/wp\/v2\/pages"}],"about":[{"href":"https:\/\/factory40.ro\/2025\/wp-json\/wp\/v2\/types\/page"}],"author":[{"embeddable":true,"href":"https:\/\/factory40.ro\/2025\/wp-json\/wp\/v2\/users\/1"}],"replies":[{"embeddable":true,"href":"https:\/\/factory40.ro\/2025\/wp-json\/wp\/v2\/comments?post=4715"}],"version-history":[{"count":1,"href":"https:\/\/factory40.ro\/2025\/wp-json\/wp\/v2\/pages\/4715\/revisions"}],"predecessor-version":[{"id":4721,"href":"https:\/\/factory40.ro\/2025\/wp-json\/wp\/v2\/pages\/4715\/revisions\/4721"}],"up":[{"embeddable":true,"href":"https:\/\/factory40.ro\/2025\/wp-json\/wp\/v2\/pages\/1146"}],"wp:attachment":[{"href":"https:\/\/factory40.ro\/2025\/wp-json\/wp\/v2\/media?parent=4715"}],"curies":[{"name":"wp","href":"https:\/\/api.w.org\/{rel}","templated":true}]}}