{"id":76,"date":"2024-03-07T11:28:45","date_gmt":"2024-03-07T11:28:45","guid":{"rendered":"http:\/\/demo2.woothemes.com\/woocommerce\/?post_type=product&#038;p=76"},"modified":"2024-10-21T07:02:47","modified_gmt":"2024-10-21T07:02:47","slug":"conference","status":"publish","type":"product","link":"https:\/\/factory40.ro\/2024\/get-ticket\/conference\/","title":{"rendered":"CONFERENCE &#038; FORUM"},"content":{"rendered":"<div class=\"bt_rc_container\"><ul>\n<li>Full access to Conference and Forum<\/li>\n<li>NETWORK<\/li>\n<li>Coffee break included<\/li>\n<\/ul>\n<p>Nu rata \u0219ansa de a-\u021bi dezvolta re\u021beaua profesional\u0103 \u0219i de a \u00eenv\u0103\u021ba de la cei mai buni din industrie!<\/p>\n<\/div>","protected":false},"excerpt":{"rendered":"<p>Particip\u0103 la Conferin\u021ba FACTORY 4.0 \u0219i descoper\u0103 viitorul produc\u021biei inteligente! Aceasta este o oportunitate unic\u0103 de a explora noile tendin\u021be \u00een automatizare, inteligen\u021b\u0103 artificial\u0103, IoT industrial \u0219i solu\u021bii inovatoare care transform\u0103 fabricile de ast\u0103zi \u00een unit\u0103\u021bi de produc\u021bie digitalizate \u0219i eficiente.<\/p>\n<p><strong>Data:<\/strong> 17 Octombrie 2024<br \/>\n<strong>Loca\u021bie:<\/strong> Bucure\u0219ti<\/p>\n","protected":false},"featured_media":1745,"template":"","meta":{"slim_seo":{"title":"CONFERENCE & FORUM - FACTORY 40","description":"Particip\u0103 la Conferin\u021ba FACTORY 4.0 \u0219i descoper\u0103 viitorul produc\u021biei inteligente! Aceasta este o oportunitate unic\u0103 de a explora noile tendin\u021be \u00een automatizare,"}},"product_brand":[],"product_cat":[15],"product_tag":[],"class_list":{"0":"post-76","1":"product","2":"type-product","3":"status-publish","4":"has-post-thumbnail","6":"product_cat-get-ticket","8":"first","9":"outofstock","10":"virtual","11":"purchasable","12":"product-type-simple"},"_links":{"self":[{"href":"https:\/\/factory40.ro\/2024\/wp-json\/wp\/v2\/product\/76","targetHints":{"allow":["GET"]}}],"collection":[{"href":"https:\/\/factory40.ro\/2024\/wp-json\/wp\/v2\/product"}],"about":[{"href":"https:\/\/factory40.ro\/2024\/wp-json\/wp\/v2\/types\/product"}],"wp:featuredmedia":[{"embeddable":true,"href":"https:\/\/factory40.ro\/2024\/wp-json\/wp\/v2\/media\/1745"}],"wp:attachment":[{"href":"https:\/\/factory40.ro\/2024\/wp-json\/wp\/v2\/media?parent=76"}],"wp:term":[{"taxonomy":"product_brand","embeddable":true,"href":"https:\/\/factory40.ro\/2024\/wp-json\/wp\/v2\/product_brand?post=76"},{"taxonomy":"product_cat","embeddable":true,"href":"https:\/\/factory40.ro\/2024\/wp-json\/wp\/v2\/product_cat?post=76"},{"taxonomy":"product_tag","embeddable":true,"href":"https:\/\/factory40.ro\/2024\/wp-json\/wp\/v2\/product_tag?post=76"}],"curies":[{"name":"wp","href":"https:\/\/api.w.org\/{rel}","templated":true}]}}